**5/60 + 5*l**4/24 + 7*l**3/6 + 2*l**2. Calculate the remainder when v(-5) is divided by (0 + 5)/((-1)/(-1)).
2
Suppose -5*t - 2*j + 354 = -3*j, 3*j = -2*t + 145. What is the remainder when t is divided by 20?
11
Suppose -2*a - 4*y = -28, -a - y = -6*y - 7. Suppose -t + a = -0*t. What is the remainder when 23 is divided by t?
11
Let y = 120 + -86. Let j be y/6 - (-2)/(-3). Suppose -21 = -2*k - 3*q - 0*q, -2*k + j*q + 29 = 0. Calculate the remainder when k is divided by 7.
5
Suppose 5*p = -3*b - 167, -3*p + 2*b - 67 - 18 = 0. Let r = -21 - p. Let y = -94 + 132. What is the remainder when y is divided by r?
8
Suppose -2 = -2*t - 10. Let k(f) = f. Let c be k(t). Calculate the remainder when c/22 + 1398/66 is divided by 6.
3
Suppose 8 = -i + 6, -3*m - 5*i = -59. What is the remainder when m is divided by 12?
11
Let w be (-3)/9*(-18)/2. Let l(u) = 2*u**2 - 3*u + 4. Suppose 5*j - 96 - 20 = d, 28 = j + d. Calculate the remainder when j is divided by l(w).
11
Let v(h) = -3*h**3 + h**2 + 2*h. Suppose -3*k + 3*p + 135 = 0, -2*k - 14 = -5*p - 98. What is the remainder when k is divided by v(-2)?
23
Let m be 4/10 - 224/35. Let k = m - -15. What is the remainder when 35 is divided by k?
8
Let z = 36 - 1. What is the remainder when z is divided by 19?
16
Suppose x - 22 = 17. Calculate the remainder when x is divided by 10.
9
Let p = -68 - -96. What is the remainder when 165 is divided by p?
25
Let v = 26 - 21. Suppose 0 = -v*c + 1 + 14. Calculate the remainder when 9 is divided by c.
0
What is the remainder when (154/(-3))/(6/(-9)) is divided by 20?
17
Let r(s) = -s**3 - 7*s**2 + 6*s - 5. Let v be r(-8). Let i(b) = b**3 - 10*b**2 - 10*b - 3. What is the remainder when 23 is divided by i(v)?
7
Suppose 11 + 16 = 3*i. Calculate the remainder when i is divided by 3.
0
Let i be (-8)/(-2) + 2 + -2. Suppose 0 = p + 4*p - 15. Suppose -p*s + 25 = -3*m + m, 49 = 5*s + i*m. What is the remainder when s is divided by 5?
4
Suppose 2*j + 27 = s + j, j = 4*s - 108. Calculate the remainder when 107 is divided by s.
26
Suppose -g - 7 = -5*h - 31, -4*h - 8 = 0. Suppose -k + 24 = 2*k - 5*v, -5*k = -5*v - 40. What is the remainder when g is divided by k?
6
Suppose 0 = -3*r - d + 61, -4*r + 105 = -d + 19. Calculate the remainder when 41 is divided by r.
20
Suppose 0 = -0*y - y + 8. Calculate the remainder when 15 is divided by y.
7
Let n be 0 + (4 - (-3 - -1)). Suppose n*l = 7*l - 42. What is the remainder when l is divided by 22?
20
Let d(w) = -333*w**3 + 2*w**2 + 2*w + 1. Let p be d(-1). What is the remainder when p/12 + 3/18 is divided by 15?
13
Suppose 5*f = 3*j - 98, -2*j - 3*f - 102 = -5*j. What is the remainder when j is divided by 13?
10
Let t = -2 - -7. Suppose 0 = -4*u + 3*k + 34, -1 = -2*u - 2*k + 9. Calculate the remainder when u is divided by t.
2
Suppose -s - 5*l + 3 = 0, 2*l - 6*l = 4*s - 60. What is the remainder when 106 is divided by s?
16
Let b = 26 + -15. Suppose 0 = 3*h, -2*r + 4*r = 2*h - 6. What is the remainder when b is divided by 6/9 + (-16)/r?
5
Let h = 43 + -35. Calculate the remainder when 29 is divided by h.
5
Suppose a + t = -7 + 31, 2*t = -5*a + 111. What is the remainder when 81 is divided by a?
18
Let g(f) = -f**2 + 17*f - 26. Calculate the remainder when 119 is divided by g(6).
39
Let y(i) = 3 - 5 + 2 - 3 + 20*i. Calculate the remainder when y(2) is divided by 13.
11
Suppose 5*p - 40 = -3*s - s, 2*p - 8 = 0. Suppose 0 = -s*t - 5*o + 13 - 3, -4*t = -3*o + 27. What is the remainder when 0 - (t - 6/(-3)) is divided by 1?
0
Suppose 5*d = 3*l, -3*d + l + 10 = 2*d. Suppose -31 = -c + d. What is the remainder when c is divided by 18?
16
Suppose 9 = 5*k - 1. Let p(l) = l - 1. What is the remainder when p(3) is divided by k?
0
Suppose -4*c + 143 = 47. What is the remainder when c is divided by 7?
3
Let z be (-6)/(-15)*(1 - -4). Suppose -z + 16 = u. Calculate the remainder when u is divided by 4.
2
Suppose 34*k - 110 = 29*k. What is the remainder when k is divided by 13?
9
Suppose 6*s = 9*s - 111. What is the remainder when s is divided by 19?
18
Suppose 26*g = 27*g - 37. Calculate the remainder when g is divided by 5.
2
Let j(b) = b**3 - 15*b**2 - 16*b + 3. Let n be j(16). Suppose -3*f + 2 = 3*m - 94, -5*m = -n*f - 136. Calculate the remainder when m is divided by 16.
13
Suppose -47 = -4*t + 13. Calculate the remainder when 44 is divided by t.
14
Let k(q) = q + 1. Let j be k(2). Suppose -f = -2*f - j*v + 56, -v + 4 = 0. Calculate the remainder when f is divided by 23.
21
Suppose -2*k - 12 = -60. Suppose 4*c - c = k. Suppose 0 = -5*z - v + 1, -4*z + 3*v + 8 = -c. Calculate the remainder when 1 is divided by z.
0
Suppose i - 18 = -2*i + 3*p, 5*i - 30 = p. Suppose 3*t - 12 = -s + 14, 0 = -2*s + 4*t + 12. What is the remainder when s is divided by (6/(-4))/(i/(-32))?
6
Let w(f) = -f**3 - 2*f**2 + f - 1. Suppose 0 = t + 3*r - 16, -4*r + 4 = -3*t - 0. Calculate the remainder when w(-3) is divided by t.
1
Let t = -2 + 2. What is the remainder when (t - 1)*-8 + 1 is divided by (-2 - (4 + -3))*(-2)/2?
0
Let g = 10 + -5. Suppose -z - 96 = -g*z. Calculate the remainder when z is divided by 13.
11
Suppose -4*n + 5*r = -96, -2*n + r = 2*n - 96. Calculate the remainder when 2/8 - 3348/(-48) is divided by n.
22
Let u be (-21)/(-63) + (1 - (-110)/3). Suppose -4 = -2*o - 46. Let t = o + u. What is the remainder when 50 is divided by t?
16
Suppose 22 = -2*w - 0. Let u = w - -16. Suppose 2*h - 4*h - 68 = -4*c, -3*h + 6 = 0. Calculate the remainder when c is divided by u.
3
Let m = 5 + 2. Let z = 4 + -1. What is the remainder when ((-38)/z)/(2/(-3)) is divided by m?
5
Suppose 0 = -8*a + 32 + 72. Calculate the remainder when 62 is divided by a.
10
Let f(b) be the third derivative of b**5/60 + 5*b**4/8 + 3*b**3 + 3*b**2. Calculate the remainder when 7 is divided by f(-14).
3
Suppose -3*g - 3*m + 402 = 0, 0 = 2*g - 3*g + 4*m + 119. What is the remainder when g is divided by 22?
21
Suppose -4*g + 3 + 25 = 0. What is the remainder when 27 is divided by g?
6
Suppose 0 = 5*j - 19 - 1. Suppose 8*l - j*l - 12 = 0. What is the remainder when 5 is divided by l?
2
Let u(h) = h**3 - 6*h**2 + 2*h + 1. Let j(o) = -4 + o + o**3 + 8*o**2 + 0 - 1 + 0*o**3. What is the remainder when j(-7) is divided by u(6)?
11
Let i(h) be the first derivative of h**4/4 - 3*h**3 - 2*h**2 + h - 1. Calculate the remainder when i(10) is divided by 21.
19
Let i = 14 + 28. What is the remainder when i is divided by -8*((-132)/40)/(12/10)?
20
Let a(i) = -3*i - 38. What is the remainder when 53 is divided by a(-15)?
4
Let r = -28 - -65. What is the remainder when r is divided by 10?
7
Suppose -112 = -5*d - 3*d. Calculate the remainder when d is divided by 51/6 - 2/4.
6
Let l = 22 + -8. What is the remainder when 39 is divided by l?
11
Suppose 38 = -0*w + 2*w. What is the remainder when w is divided by 5?
4
Suppose 3*v - 61 + 24 = 2*g, 47 = 4*v - 5*g. Let n = 4 - 6. What is the remainder when 4/n - (0 + -39) is divided by v?
11
Let k(y) = -y**2 + 9*y + 9. Let i be k(7). Calculate the remainder when (-226)/(-6) + (-2)/(-6) is divided by i + -1 + 2/(-1).
18
Suppose 2*g + 44 = 3*t, 4*t - 27 = -4*g + 65. Let q be 0 - (-3 - -1)*-1. Let r = 8 - q. Calculate the remainder when t is divided by r.
8
Let n(f) = 47*f**2 + f. Let y be n(-1). Suppose q = 4*o - 43, 5*q = 4*o + 3*q - y. Calculate the remainder when o is divided by ((-99)/12)/11 + (-27)/(-4).
4
Let y(m) be the third derivative of m**5/20 + m**4/6 + m**3/2 - 25*m**2. Let t = 2 - 5. What is the remainder when 52 is divided by y(t)?
16
Let z = 4 - 2. Suppose z + 22 = 2*i. What is the remainder when (-3)/((3/46)/(-1)) is divided by i?
10
Suppose -99*r + 72 = -97*r. Calculate the remainder when r is divided by 20.
16
What is the remainder when 98/4*(-1 + 0)*-2 is divided by 10?
9
Let j = 84 + -60. What is the remainder when j is divided by 13?
11
Suppose -j + 10 = -24. Calculate the remainder when j is divided by 20.
14
Let k(i) = 35*i - 2. Let z be k(-2). Let b = z + 113. What is the remainder when b is divided by 11?
8
Let s(j) = 2*j**2 + 16*j + 12. What is the remainder when 177 is divided by s(-9)?
27
What is the remainder when 32/(-3)*195/(-52) is divided by 21?
19
Let t = -18 - -64. Let q = 21 - -3. Calculate the remainder when t is divided by q.
22
Suppose